te the highest common divisor of 244 and 1830.
122
Calculate the greatest common factor of 106752 and 256.
256
Calculate the greatest common divisor of 120 and 15.
15
What is the greatest common factor of 22 and 13486?
22
Calculate the greatest common divisor of 1053 and 81.
81
Calculate the highest common divisor of 325 and 1325.
25
Calculate the greatest common factor of 10 and 54980.
10
Calculate the highest common divisor of 75 and 25.
25
What is the highest common divisor of 319 and 464?
29
Calculate the highest common factor of 36 and 228.
12
Calculate the highest common factor of 9558 and 486.
162
Calculate the highest common factor of 6 and 674.
2
Calculate the greatest common factor of 70 and 1.
1
What is the greatest common factor of 395 and 80?
5
What is the highest common divisor of 8226 and 18?
18
What is the greatest common factor of 984 and 123?
123
Calculate the greatest common divisor of 52 and 884.
52
What is the greatest common divisor of 7680 and 192?
192
Calculate the highest common divisor of 40 and 520.
40
What is the highest common factor of 37 and 4?
1
What is the highest common factor of 64 and 7232?
64
Calculate the highest common factor of 14 and 406.
14
Calculate the highest common divisor of 775 and 25.
25
Calculate the highest common divisor of 480 and 64.
32
Calculate the greatest common factor of 18 and 153.
9
What is the greatest common divisor of 24 and 304?
8
Calculate the highest common divisor of 34 and 82.
2
What is the greatest common factor of 6 and 2510?
2
What is the greatest common factor of 81 and 3888?
81
Calculate the greatest common divisor of 73 and 584.
73
What is the highest common factor of 45 and 2445?
15
What is the greatest common divisor of 6533 and 2085?
139
What is the greatest common factor of 133 and 7?
7
What is the highest common divisor of 240 and 885?
15
What is the highest common divisor of 43 and 7267?
43
What is the highest common factor of 3608 and 176?
88
What is the greatest common divisor of 60 and 18?
6
What is the greatest common divisor of 118 and 1121?
59
What is the greatest common divisor of 324 and 36?
36
Calculate the greatest common factor of 3272 and 20041.
409
What is the highest common factor of 666 and 12?
6
What is the highest common factor of 25 and 45?
5
Calculate the highest common factor of 10 and 1670.
10
What is the greatest common factor of 21 and 84063?
21
Calculate the highest common factor of 36 and 1530.
18
What is the greatest common divisor of 675 and 15?
15
Calculate the greatest common factor of 119 and 51.
17
What is the greatest common divisor of 32 and 12?
4
Calculate the highest common factor of 56 and 3640.
56
Calculate the highest common factor of 287 and 14.
7
What is the greatest common factor of 455 and 273?
91
Calculate the highest common divisor of 876 and 24.
12
What is the highest common divisor of 783 and 319?
29
What is the highest common factor of 4847 and 74?
37
Calculate the greatest common factor of 91 and 98917.
91
What is the greatest common factor of 144 and 90?
18
What is the greatest common divisor of 252 and 24?
12
What is the greatest common factor of 10 and 1140?
10
Calculate the greatest common divisor of 387 and 9.
9
Calculate the highest common divisor of 17 and 629.
17
What is the greatest common divisor of 260 and 10010?
130
Calculate the greatest common factor of 105 and 455.
35
Calculate the highest common divisor of 2590 and 1190.
70
What is the greatest common factor of 171 and 912?
57
Calculate the greatest common divisor of 12008 and 760.
152
Calculate the greatest common divisor of 396 and 180.
36
Calculate the greatest common factor of 14 and 406.
14
What is the highest common divisor of 45 and 5760?
45
What is the highest common factor of 3305 and 5?
5
Calculate the highest common factor of 8 and 328.
8
What is the highest common divisor of 14 and 322?
14
What is the highest common factor of 18 and 2598?
6
What is the highest common factor of 1152 and 16?
16
What is the greatest common factor of 99 and 243?
9
What is the highest common divisor of 66 and 1298?
22
What is the highest common divisor of 20 and 236?
4
Calculate the highest common divisor of 123 and 15580.
41
What is the highest common divisor of 3159 and 13?
13
What is the highest common factor of 18225 and 450?
225
What is the highest common factor of 816 and 34?
34
Calculate the highest common divisor of 800 and 15.
5
Calculate the highest common factor of 85 and 26435.
85
What is the greatest common factor of 37 and 59?
1
Calculate the highest common factor of 13 and 91.
13
What is the greatest common divisor of 112 and 7028?
28
What is the greatest common factor of 598 and 11063?
299
What is the highest common divisor of 1043 and 7?
7
What is the highest common factor of 324 and 1404?
108
What is the highest common divisor of 296 and 1258?
74
What is the greatest common divisor of 9 and 8?
1
What is the highest common factor of 832 and 144?
16
What is the highest common divisor of 286 and 390?
26
Calculate the highest common factor of 2090 and 220.
110
Calculate the greatest common divisor of 88 and 330.
22
What is the highest common divisor of 320 and 128?
64
What is the greatest common factor of 33 and 8?
1
What is the highest common factor of 19 and 1216?
19
What is the greatest common divisor of 850 and 100?
50
What is the highest common divisor of 37320 and 360?
120
Calculate the greatest common divisor of 315 and 15.
15
What is the highest common factor of 168 and 1224?
24
Calculate the greatest common factor of 320 and 1040.
80
Calculate the greatest common divisor of 1469 and 169.
13
Calculate the highest common divisor of 30 and 192.
6
What is the highest common factor of 43824 and 132?
132
Calculate the highest common divisor of 70 and 40.
10
What is the greatest common divisor of 19 and 893?
19
Calculate the greatest common divisor of 104 and 15418.
26
Calculate the greatest common divisor of 1837 and 11.
11
What is the greatest common factor of 2553 and 444?
111
What is the highest common divisor of 101 and 808?
101
What is the greatest common factor of 2088 and 3219?
87
Calculate the greatest common divisor of 12 and 36.
12
Calculate the greatest common factor of 32 and 256.
32
Calculate the greatest common divisor of 4884 and 24.
12
What is the highest common factor of 200 and 3550?
50
Calculate the greatest common divisor of 168 and 4452.
84
Calculate the greatest common factor of 1152 and 704.
64
Calculate the greatest common divisor of 25396 and 112.
28
Calculate the highest common factor of 506 and 1150.
46
Calculate the highest common factor of 216 and 816.
24
What is the highest common divisor of 228 and 4?
4
What is the highest common factor of 187 and 4675?
187
What is the highest common factor of 416 and 39?
13
Calculate the greatest common factor of 72 and 8.
8
What is the highest common divisor of 36 and 444?
12
What is the highest common factor of 168 and 1050?
42
What is the highest common factor of 14 and 567?
7
What is the greatest common divisor of 44 and 17534?
22
Calculate the highest common factor of 78 and 6.
6
What is the highest common divisor of 266 and 228?
38
Calculate the highest common factor of 5 and 2.
1
What is the greatest common factor of 224 and 13344?
32
What is the greatest common factor of 1664 and 13?
13
What is the greatest common factor of 68 and 1700?
68
What is the greatest common factor of 1140 and 45?
15
What is the highest common divisor of 21 and 49?
7
Calculate the highest common divisor of 92 and 1334.
46
What is the greatest common factor of 1717 and 1616?
101
Calculate the greatest common divisor of 12 and 128.
4
What is the highest common factor of 10 and 40?
10
Calculate the greatest common divisor of 63 and 3451.
7
Calculate the highest common factor of 688 and 86.
86
Calculate the greatest common divisor of 58 and 261.
29
Calculate the greatest common factor of 2829 and 69.
69
What is the greatest common divisor of 4651 and 3?
1
What is the greatest common factor of 325 and 247?
13
What is the greatest common divisor of 51 and 6766?
17
What is the highest common divisor of 363 and 66?
33
Calculate the highest common factor of 7271 and 11.
11
What is the highest common 